{"id":299,"date":"2017-02-20T22:18:59","date_gmt":"2017-02-20T22:18:59","guid":{"rendered":"http:\/\/www.capitaldeltoro.es\/wordpress\/wp-content\/uploads\/2017\/02\/Junta-de-Extremadura-Consejer\u00eda-de-Econom\u00eda-e-Infraestructuras-_sin-fondo250.png"},"modified":"2018-02-20T08:47:39","modified_gmt":"2018-02-20T08:47:39","slug":"junta-de-extremadura-consejeria-de-economia-e-infraestructuras-_sin-fondo250","status":"inherit","type":"attachment","link":"https:\/\/capitaldeltoro.es\/wordpress\/junta-de-extremadura-consejeria-de-economia-e-infraestructuras-_sin-fondo250\/","title":{"rendered":"Junta de Extremadura &#8211; Consejer\u00eda de Econom\u00eda e Infraestructuras _sin fondo250"},"author":3,"featured_media":0,"comment_status":"open","ping_status":"closed","template":"","meta":{"_bbp_topic_count":0,"_bbp_reply_count":0,"_bbp_total_topic_count":0,"_bbp_total_reply_count":0,"_bbp_voice_count":0,"_bbp_anonymous_reply_count":0,"_bbp_topic_count_hidden":0,"_bbp_reply_count_hidden":0,"_bbp_forum_subforum_count":0},"class_list":["post-299","attachment","type-attachment","status-inherit","hentry"],"description":{"rendered":"<p class=\"attachment\"><a href='https:\/\/capitaldeltoro.es\/wordpress\/wp-content\/uploads\/2017\/02\/Junta-de-Extremadura-Consejer\u00eda-de-Econom\u00eda-e-Infraestructuras-_sin-fondo250.png'><img loading=\"lazy\" decoding=\"async\" width=\"300\" height=\"87\" src=\"https:\/\/capitaldeltoro.es\/wordpress\/wp-content\/uploads\/2017\/02\/Junta-de-Extremadura-Consejer\u00eda-de-Econom\u00eda-e-Infraestructuras-_sin-fondo250-300x87.png\" class=\"attachment-medium size-medium\" alt=\"\" srcset=\"https:\/\/capitaldeltoro.es\/wordpress\/wp-content\/uploads\/2017\/02\/Junta-de-Extremadura-Consejer\u00eda-de-Econom\u00eda-e-Infraestructuras-_sin-fondo250-300x87.png 300w, https:\/\/capitaldeltoro.es\/wordpress\/wp-content\/uploads\/2017\/02\/Junta-de-Extremadura-Consejer\u00eda-de-Econom\u00eda-e-Infraestructuras-_sin-fondo250-768x224.png 768w, https:\/\/capitaldeltoro.es\/wordpress\/wp-content\/uploads\/2017\/02\/Junta-de-Extremadura-Consejer\u00eda-de-Econom\u00eda-e-Infraestructuras-_sin-fondo250-600x175.png 600w, https:\/\/capitaldeltoro.es\/wordpress\/wp-content\/uploads\/2017\/02\/Junta-de-Extremadura-Consejer\u00eda-de-Econom\u00eda-e-Infraestructuras-_sin-fondo250.png 858w\" sizes=\"auto, (max-width: 300px) 100vw, 300px\" \/><\/a><\/p>\n"},"caption":{"rendered":""},"alt_text":"","media_type":"image","mime_type":"image\/png","media_details":{"width":858,"height":250,"file":"2017\/02\/Junta-de-Extremadura-Consejer\u00eda-de-Econom\u00eda-e-Infraestructuras-_sin-fondo250.png","sizes":{"thumbnail":{"file":"Junta-de-Extremadura-Consejer\u00eda-de-Econom\u00eda-e-Infraestructuras-_sin-fondo250-150x150.png","width":150,"height":150,"mime_type":"image\/png","source_url":"https:\/\/capitaldeltoro.es\/wordpress\/wp-content\/uploads\/2017\/02\/Junta-de-Extremadura-Consejer\u00eda-de-Econom\u00eda-e-Infraestructuras-_sin-fondo250-150x150.png"},"medium":{"file":"Junta-de-Extremadura-Consejer\u00eda-de-Econom\u00eda-e-Infraestructuras-_sin-fondo250-300x87.png","width":300,"height":87,"mime_type":"image\/png","source_url":"https:\/\/capitaldeltoro.es\/wordpress\/wp-content\/uploads\/2017\/02\/Junta-de-Extremadura-Consejer\u00eda-de-Econom\u00eda-e-Infraestructuras-_sin-fondo250-300x87.png"},"medium_large":{"file":"Junta-de-Extremadura-Consejer\u00eda-de-Econom\u00eda-e-Infraestructuras-_sin-fondo250-768x224.png","width":768,"height":224,"mime_type":"image\/png","source_url":"https:\/\/capitaldeltoro.es\/wordpress\/wp-content\/uploads\/2017\/02\/Junta-de-Extremadura-Consejer\u00eda-de-Econom\u00eda-e-Infraestructuras-_sin-fondo250-768x224.png"},"wysija-newsletters-max":{"file":"Junta-de-Extremadura-Consejer\u00eda-de-Econom\u00eda-e-Infraestructuras-_sin-fondo250-600x175.png","width":600,"height":175,"mime_type":"image\/png","source_url":"https:\/\/capitaldeltoro.es\/wordpress\/wp-content\/uploads\/2017\/02\/Junta-de-Extremadura-Consejer\u00eda-de-Econom\u00eda-e-Infraestructuras-_sin-fondo250-600x175.png"},"shop_thumbnail":{"file":"Junta-de-Extremadura-Consejer\u00eda-de-Econom\u00eda-e-Infraestructuras-_sin-fondo250-180x180.png","width":180,"height":180,"mime_type":"image\/png","source_url":"https:\/\/capitaldeltoro.es\/wordpress\/wp-content\/uploads\/2017\/02\/Junta-de-Extremadura-Consejer\u00eda-de-Econom\u00eda-e-Infraestructuras-_sin-fondo250-180x180.png"},"shop_catalog":{"file":"Junta-de-Extremadura-Consejer\u00eda-de-Econom\u00eda-e-Infraestructuras-_sin-fondo250-300x250.png","width":300,"height":250,"mime_type":"image\/png","source_url":"https:\/\/capitaldeltoro.es\/wordpress\/wp-content\/uploads\/2017\/02\/Junta-de-Extremadura-Consejer\u00eda-de-Econom\u00eda-e-Infraestructuras-_sin-fondo250-300x250.png"},"shop_single":{"file":"Junta-de-Extremadura-Consejer\u00eda-de-Econom\u00eda-e-Infraestructuras-_sin-fondo250-600x250.png","width":600,"height":250,"mime_type":"image\/png","source_url":"https:\/\/capitaldeltoro.es\/wordpress\/wp-content\/uploads\/2017\/02\/Junta-de-Extremadura-Consejer\u00eda-de-Econom\u00eda-e-Infraestructuras-_sin-fondo250-600x250.png"},"post-thumbnail":{"file":"Junta-de-Extremadura-Consejer\u00eda-de-Econom\u00eda-e-Infraestructuras-_sin-fondo250-300x250.png","width":300,"height":250,"mime_type":"image\/png","source_url":"https:\/\/capitaldeltoro.es\/wordpress\/wp-content\/uploads\/2017\/02\/Junta-de-Extremadura-Consejer\u00eda-de-Econom\u00eda-e-Infraestructuras-_sin-fondo250-300x250.png"},"eleganto-home":{"file":"Junta-de-Extremadura-Consejer\u00eda-de-Econom\u00eda-e-Infraestructuras-_sin-fondo250-400x250.png","width":400,"height":250,"mime_type":"image\/png","source_url":"https:\/\/capitaldeltoro.es\/wordpress\/wp-content\/uploads\/2017\/02\/Junta-de-Extremadura-Consejer\u00eda-de-Econom\u00eda-e-Infraestructuras-_sin-fondo250-400x250.png"},"eleganto-square":{"file":"Junta-de-Extremadura-Consejer\u00eda-de-Econom\u00eda-e-Infraestructuras-_sin-fondo250-400x250.png","width":400,"height":250,"mime_type":"image\/png","source_url":"https:\/\/capitaldeltoro.es\/wordpress\/wp-content\/uploads\/2017\/02\/Junta-de-Extremadura-Consejer\u00eda-de-Econom\u00eda-e-Infraestructuras-_sin-fondo250-400x250.png"},"full":{"file":"Junta-de-Extremadura-Consejer\u00eda-de-Econom\u00eda-e-Infraestructuras-_sin-fondo250.png","width":858,"height":250,"mime_type":"image\/png","source_url":"https:\/\/capitaldeltoro.es\/wordpress\/wp-content\/uploads\/2017\/02\/Junta-de-Extremadura-Consejer\u00eda-de-Econom\u00eda-e-Infraestructuras-_sin-fondo250.png"}},"image_meta":{"aperture":"0","credit":"","camera":"","caption":"","created_timestamp":"0","copyright":"","focal_length":"0","iso":"0","shutter_speed":"0","title":"","orientation":"0","keywords":[]}},"post":null,"source_url":"https:\/\/capitaldeltoro.es\/wordpress\/wp-content\/uploads\/2017\/02\/Junta-de-Extremadura-Consejer\u00eda-de-Econom\u00eda-e-Infraestructuras-_sin-fondo250.png","_links":{"self":[{"href":"https:\/\/capitaldeltoro.es\/wordpress\/wp-json\/wp\/v2\/media\/299","targetHints":{"allow":["GET"]}}],"collection":[{"href":"https:\/\/capitaldeltoro.es\/wordpress\/wp-json\/wp\/v2\/media"}],"about":[{"href":"https:\/\/capitaldeltoro.es\/wordpress\/wp-json\/wp\/v2\/types\/attachment"}],"author":[{"embeddable":true,"href":"https:\/\/capitaldeltoro.es\/wordpress\/wp-json\/wp\/v2\/users\/3"}],"replies":[{"embeddable":true,"href":"https:\/\/capitaldeltoro.es\/wordpress\/wp-json\/wp\/v2\/comments?post=299"}]}}

http://www.capitaldeltoro.es/wordpress/wp-content/uploads/2017/02/Junta-de-Extremadura-Consejería-de-Economía-e-Infraestructuras-_sin-fondo250.png

Junta de Extremadura &#8211; Consejería de Economía e Infraestructuras _sin fondo250

<p class="attachment"><a href='https://capitaldeltoro.es/wordpress/wp-content/uploads/2017/02/Junta-de-Extremadura-Consejería-de-Economía-e-Infraestructuras-_sin-fondo250.png'><img loading="lazy" decoding="async" width="300" height="87" src="https://capitaldeltoro.es/wordpress/wp-content/uploads/2017/02/Junta-de-Extremadura-Consejería-de-Economía-e-Infraestructuras-_sin-fondo250-300x87.png" class="attachment-medium size-medium" alt="" srcset="https://capitaldeltoro.es/wordpress/wp-content/uploads/2017/02/Junta-de-Extremadura-Consejería-de-Economía-e-Infraestructuras-_sin-fondo250-300x87.png 300w, https://capitaldeltoro.es/wordpress/wp-content/uploads/2017/02/Junta-de-Extremadura-Consejería-de-Economía-e-Infraestructuras-_sin-fondo250-768x224.png 768w, https://capitaldeltoro.es/wordpress/wp-content/uploads/2017/02/Junta-de-Extremadura-Consejería-de-Economía-e-Infraestructuras-_sin-fondo250-600x175.png 600w, https://capitaldeltoro.es/wordpress/wp-content/uploads/2017/02/Junta-de-Extremadura-Consejería-de-Economía-e-Infraestructuras-_sin-fondo250.png 858w" sizes="auto, (max-width: 300px) 100vw, 300px" /></a></p>

2017/02/Junta-de-Extremadura-Consejería-de-Economía-e-Infraestructuras-_sin-fondo250.png

Junta-de-Extremadura-Consejería-de-Economía-e-Infraestructuras-_sin-fondo250-150x150.png

https://capitaldeltoro.es/wordpress/wp-content/uploads/2017/02/Junta-de-Extremadura-Consejería-de-Economía-e-Infraestructuras-_sin-fondo250-150x150.png

Junta-de-Extremadura-Consejería-de-Economía-e-Infraestructuras-_sin-fondo250-300x87.png

https://capitaldeltoro.es/wordpress/wp-content/uploads/2017/02/Junta-de-Extremadura-Consejería-de-Economía-e-Infraestructuras-_sin-fondo250-300x87.png

Junta-de-Extremadura-Consejería-de-Economía-e-Infraestructuras-_sin-fondo250-768x224.png

https://capitaldeltoro.es/wordpress/wp-content/uploads/2017/02/Junta-de-Extremadura-Consejería-de-Economía-e-Infraestructuras-_sin-fondo250-768x224.png

Junta-de-Extremadura-Consejería-de-Economía-e-Infraestructuras-_sin-fondo250-600x175.png

https://capitaldeltoro.es/wordpress/wp-content/uploads/2017/02/Junta-de-Extremadura-Consejería-de-Economía-e-Infraestructuras-_sin-fondo250-600x175.png

Junta-de-Extremadura-Consejería-de-Economía-e-Infraestructuras-_sin-fondo250-180x180.png

https://capitaldeltoro.es/wordpress/wp-content/uploads/2017/02/Junta-de-Extremadura-Consejería-de-Economía-e-Infraestructuras-_sin-fondo250-180x180.png

Junta-de-Extremadura-Consejería-de-Economía-e-Infraestructuras-_sin-fondo250-300x250.png

https://capitaldeltoro.es/wordpress/wp-content/uploads/2017/02/Junta-de-Extremadura-Consejería-de-Economía-e-Infraestructuras-_sin-fondo250-300x250.png

Junta-de-Extremadura-Consejería-de-Economía-e-Infraestructuras-_sin-fondo250-600x250.png

https://capitaldeltoro.es/wordpress/wp-content/uploads/2017/02/Junta-de-Extremadura-Consejería-de-Economía-e-Infraestructuras-_sin-fondo250-600x250.png

Junta-de-Extremadura-Consejería-de-Economía-e-Infraestructuras-_sin-fondo250-400x250.png

https://capitaldeltoro.es/wordpress/wp-content/uploads/2017/02/Junta-de-Extremadura-Consejería-de-Economía-e-Infraestructuras-_sin-fondo250-400x250.png

Junta-de-Extremadura-Consejería-de-Economía-e-Infraestructuras-_sin-fondo250.png

https://capitaldeltoro.es/wordpress/wp-content/uploads/2017/02/Junta-de-Extremadura-Consejería-de-Economía-e-Infraestructuras-_sin-fondo250.png
